15
What is the highest common divisor of 7767 and 6163749?
9
What is the highest common divisor of 12889224 and 14?
2
What is the highest common factor of 3774 and 93126?
102
Calculate the greatest common factor of 1654158 and 18.
6
What is the greatest common divisor of 145429757 and 79?
79
What is the greatest common divisor of 522 and 179171541?
261
What is the greatest common factor of 3994073 and 127901?
1619
What is the greatest common factor of 987 and 11767343?
329
What is the highest common factor of 1425109 and 112?
7
Calculate the greatest common factor of 3022262 and 3382.
178
What is the highest common factor of 535185 and 1575?
315
Calculate the greatest common factor of 76440 and 21958755.
1365
What is the highest common divisor of 15594 and 4275378?
138
Calculate the greatest common divisor of 52491661 and 551.
19
What is the greatest common factor of 4579 and 881924558?
4579
What is the greatest common divisor of 1977928 and 52?
4
What is the greatest common divisor of 126 and 9296226?
18
What is the highest common factor of 2314960 and 109440?
1520
What is the greatest common factor of 1688605994 and 843?
281
Calculate the greatest common divisor of 97316460 and 47060.
3620
What is the greatest common factor of 24 and 665682376?
8
What is the greatest common divisor of 551444545 and 6010?
3005
What is the greatest common factor of 10906544 and 2480?
496
What is the greatest common factor of 18893732 and 1768?
884
What is the greatest common factor of 2916 and 17270496?
972
Calculate the highest common divisor of 192208132 and 1286.
1286
Calculate the greatest common divisor of 2105968 and 20640.
688
What is the highest common factor of 38 and 7183881?
19
What is the greatest common factor of 809690 and 316050?
3010
What is the greatest common factor of 216 and 229584?
24
What is the highest common divisor of 46 and 11909262?
46
What is the highest common divisor of 960 and 77954160?
240
What is the greatest common divisor of 99733540 and 360?
20
Calculate the greatest common divisor of 68673157 and 98.
49
Calculate the highest common divisor of 180 and 3496815.
45
Calculate the highest common divisor of 336 and 117612411.
21
What is the highest common divisor of 282345 and 17920?
35
Calculate the highest common divisor of 138092 and 393300.
1748
What is the greatest common divisor of 1566 and 1481204?
58
Calculate the greatest common factor of 919592534 and 1533.
511
Calculate the highest common factor of 141586154 and 4084.
2042
What is the greatest common factor of 5867233 and 15585?
1039
Calculate the greatest common factor of 75571728 and 2928.
48
What is the highest common factor of 9408 and 12377988?
588
Calculate the greatest common divisor of 27 and 1521126540.
27
Calculate the greatest common factor of 9456 and 89964.
12
Calculate the greatest common divisor of 11631869 and 166.
83
Calculate the greatest common divisor of 63286699 and 357.
119
What is the greatest common factor of 14713860 and 60?
60
Calculate the greatest common factor of 387205 and 5330.
65
Calculate the highest common factor of 201320027 and 3603.
1201
Calculate the greatest common divisor of 66564940 and 170.
10
What is the highest common factor of 5488197 and 121?
121
What is the highest common divisor of 8833 and 2753360929?
8833
What is the highest common factor of 6400 and 161843840?
640
Calculate the highest common divisor of 7 and 44578966.
1
What is the highest common factor of 470457 and 27378?
117
Calculate the highest common factor of 68769 and 41967.
9
Calculate the greatest common factor of 5570 and 123610.
10
What is the greatest common divisor of 422280 and 4565520?
6120
Calculate the highest common divisor of 90 and 19641670.
10
What is the highest common factor of 19654624 and 1056?
352
Calculate the greatest common factor of 1282799361 and 30087.
10029
What is the highest common divisor of 188125 and 251335?
1505
Calculate the greatest common factor of 56 and 7315637.
7
What is the highest common divisor of 18383696 and 64?
16
What is the greatest common factor of 272 and 443299004?
68
What is the greatest common factor of 438778 and 96?
2
What is the highest common divisor of 131487 and 3444?
123
Calculate the highest common factor of 201695 and 50895.
1885
What is the highest common divisor of 59450468 and 28?
28
What is the greatest common divisor of 1320 and 1035960?
120
What is the highest common divisor of 2487164073 and 51?
51
What is the greatest common factor of 26440381 and 418?
209
Calculate the highest common factor of 498843 and 675.
9
Calculate the greatest common factor of 60 and 84217580.
20
What is the greatest common divisor of 38611177 and 88?
11
Calculate the greatest common factor of 46544525 and 12627.
1403
What is the highest common factor of 879531 and 96?
3
What is the greatest common factor of 56908544 and 154?
154
Calculate the greatest common divisor of 18146 and 7597584.
86
What is the greatest common factor of 22295 and 90300?
35
Calculate the highest common divisor of 106372 and 122878.
1834
What is the greatest common divisor of 3480 and 393587130?
870
Calculate the greatest common factor of 16 and 110336176.
16
Calculate the greatest common divisor of 307323 and 279.
9
Calculate the highest common divisor of 14381436 and 812442.
12126
Calculate the greatest common factor of 546 and 2072772.
78
Calculate the greatest common factor of 100920 and 2707440.
3480
Calculate the highest common factor of 150 and 20528400.
150
What is the highest common divisor of 63043432 and 12440?
2488
Calculate the highest common factor of 13610 and 102657508.
2722
Calculate the greatest common factor of 1078486 and 24382.
334
What is the highest common divisor of 5858 and 139577?
29
Calculate the greatest common factor of 25355 and 12045.
55
What is the highest common divisor of 711719 and 65149?
41
What is the highest common divisor of 951528 and 173093?
967
What is the highest common divisor of 5155672 and 1488?
248
Calculate the greatest common factor of 814448 and 89162.
218
What is the highest common divisor of 37690857 and 78003?
963
Calculate the greatest common factor of 864 and 4301208.
216
What is the greatest common divisor of 865403 and 80619?
77
What is the greatest common factor of 2921360 and 128?
16
What is the greatest common divisor of 274759119 and 2595?
519
Calculate the highest common factor of 109456 and 4328.
8
What is the highest common divisor of 5616785 and 30?
5
Calculate the greatest common divisor of 112929015 and 3525.
705
Calculate the highest common divisor of 150 and 11799738.
6
Calculate the highest common divisor of 19278 and 2299590.
2754
Calculate the highest common factor of 67450 and 238915.
355
What is the greatest common divisor of 12298 and 3453502?
1118
Calculate the greatest common divisor of 1722231 and 261.
9
Calculate the highest common divisor of 752 and 4825024.
16
What is the highest common divisor of 31961303 and 363?
121
Calculate the greatest common divisor of 48216333 and 33.
33
What is the greatest common divisor of 36184518 and 25574?
1346
Calculate the highest common factor of 163436385 and 74655.
8295
Calculate the highest common factor of 125 and 404784125.
125
What is the greatest common factor of 2336445 and 151875?
1215
Calculate the highest common factor of 5255560 and 136.
8
Calculate the highest common divisor of 27630 and 32310.
90
Calculate the greatest common factor of 33 and 13975687.
11
Calculate the greatest common divisor of 16 and 451336.
8
Calculate the greatest common factor of 1398960 and 2221980.
1740
What is the greatest common factor of 348 and 1680276?
12
What is the greatest common factor of 1285019801 and 52?
13
What is the highest common factor of 55443914 and 26960?
674
What is the greatest common divisor of 437951099 and 538?
269
Calculate the greatest common factor of 165612 and 415140.
444
Calculate the greatest common factor of 15 and 3533914020.
15
What is the highest common divisor of 205938 and 36006?
102
What is the highest common factor of 1828 and 27292?
4
What is the highest common factor of 48672 and 262782?
234
Calculate the highest common divisor of 47435834 and 11561.
1051
What is the greatest common factor of 1053 a